{"id":126,"date":"2021-12-06T16:32:47","date_gmt":"2021-12-06T15:32:47","guid":{"rendered":"http:\/\/www.destinaction.fr\/?p=126"},"modified":"2024-01-29T20:07:55","modified_gmt":"2024-01-29T19:07:55","slug":"quest-ce-que-loutplacement","status":"publish","type":"page","link":"https:\/\/www.destinaction.fr\/index.php\/quest-ce-que-loutplacement\/","title":{"rendered":"Outplacement"},"content":{"rendered":"<div class=\"wp-block-image\">\n<figure class=\"aligncenter size-full is-resized\"><img loading=\"lazy\" decoding=\"async\" width=\"1000\" height=\"667\" src=\"http:\/\/www.destinaction.fr\/wp-content\/uploads\/2024\/01\/Outplacement.jpg\" alt=\"\" class=\"wp-image-376\" style=\"width:409px;height:auto\" srcset=\"https:\/\/www.destinaction.fr\/wp-content\/uploads\/2024\/01\/Outplacement.jpg 1000w, https:\/\/www.destinaction.fr\/wp-content\/uploads\/2024\/01\/Outplacement-300x200.jpg 300w, https:\/\/www.destinaction.fr\/wp-content\/uploads\/2024\/01\/Outplacement-768x512.jpg 768w, https:\/\/www.destinaction.fr\/wp-content\/uploads\/2024\/01\/Outplacement-90x60.jpg 90w, https:\/\/www.destinaction.fr\/wp-content\/uploads\/2024\/01\/Outplacement-420x280.jpg 420w\" sizes=\"auto, (max-width: 1000px) 100vw, 1000px\" \/><\/figure>\n<\/div>\n\n\n<p>Egalement appel\u00e9 <strong>reclassement externe<\/strong>, il s\u2019agit d\u2019un processus d\u2019accompagnement lors d\u2019un d\u00e9part, \u00e0 l\u2019amiable ou contraint du salari\u00e9 vers un emploi en dehors de son entreprise d\u2019origine. <em>Exemple : dans le cadre d\u2019un licenciement \u00e9conomique.<\/em><\/p>\n\n\n\n<p>L\u2019outplacement est un accompagnement global et individualis\u00e9 qui&nbsp;<strong>ne se limite pas simplement \u00e0 un bilan de carri\u00e8re.<\/strong>&nbsp;Il comprend aussi bien des techniques de recherche d\u2019emploi que l\u2019appui au d\u00e9veloppement d\u2019un r\u00e9seau, du coaching en d\u00e9veloppement de carri\u00e8re et des conseils d\u2019experts.<\/p>\n\n\n\n<p><strong>L\u2019objectif&nbsp;: quel que soit son poste initial, le candidat doit \u00eatre arm\u00e9 pour se repositionner favorablement et durablement sur le march\u00e9 du travail<\/strong>.<\/p>\n\n\n\n<p>Son objectif est de favoriser le retour rapide dans un emploi correspondant aux aspirations et aux comp\u00e9tences de la personne&nbsp;mais \u00e9galement \u00e0 l&rsquo;\u00e9tat du march\u00e9 du travail. <\/p>\n\n\n\n<h4 class=\"wp-block-heading\"><strong>L&rsquo;outplacement se d\u00e9roule en 3 \u00e9tapes <\/strong><\/h4>\n\n\n\n<p><strong><mark style=\"background-color:rgba(0, 0, 0, 0)\" class=\"has-inline-color has-vivid-red-color\">PHASE 1 : R\u00c9FLEXION ET CONSTRUCTION DU PROJET <\/mark><\/strong><\/p>\n\n\n\n<p>Cette phase permet au b\u00e9n\u00e9ficiaire d\u2019apprendre \u00e0 mieux se conna\u00eetre, analyser ses valeurs, ses envies, sa personnalit\u00e9, le sens qu\u2019il a envie de donner \u00e0 sa vie et ses comp\u00e9tences. Une fois l\u2019employabilit\u00e9 du candidat \u00e9valu\u00e9e, son projet professionnel est clarifi\u00e9. Sa faisabilit\u00e9 est \u00e9valu\u00e9e : le candidat a-t-il les comp\u00e9tences suffisantes ? Un projet de formation est-il n\u00e9cessaire ? Le consultant joue alors un r\u00f4le cl\u00e9 pour l\u2019aider \u00e0 casser ses croyances limitantes et \u00e0 d\u00e9velopper son r\u00e9seau.<\/p>\n\n\n\n<p><strong><mark style=\"background-color:rgba(0, 0, 0, 0)\" class=\"has-inline-color has-vivid-red-color\">PHASE 2 : LA PHASE D&rsquo;ACTION<\/mark><\/strong><\/p>\n\n\n\n<p>Le b\u00e9n\u00e9ficiaire entre dans une phase d\u2019actions suivie de s\u00e9ances de d\u00e9briefing. Identification des cibles, travail de r\u00e9seautage\u2026 Il va ainsi b\u00e2tir intelligemment son argumentaire et r\u00e9aliser des actions pertinentes.<\/p>\n\n\n\n<p><strong><mark style=\"background-color:rgba(0, 0, 0, 0)\" class=\"has-inline-color has-vivid-red-color\">PHASE 3 : ACCOMPAGNEMENT\/COACHING<\/mark><\/strong><\/p>\n\n\n\n<p>En fonction de l&rsquo;avanc\u00e9 du projet, et des divers points bloquants, le consultant peut mettre en place des s\u00e9ances de coaching<\/p>\n\n\n\n<p>Les accompagnements propos\u00e9s par Destinaction\u00ae sont orient\u00e9s r\u00e9sultat. Le b\u00e9n\u00e9ficiaire a un seul et unique objectif : retrouver rapidement une opportunit\u00e9 professionnelle \u00e9panouissante<\/p>\n\n\n\n<p>La dur\u00e9e et les tarifs sont variables. <\/p>\n\n\n\n<p>Vous souhaitez avoir plus d&rsquo;informations sur la prestation d&rsquo;outplacement, n&rsquo;h\u00e9sitez pas \u00e0 <a href=\"http:\/\/www.destinaction.fr\/index.php\/comment-nous-contacter\/\" data-type=\"page\" data-id=\"169\">nous contacter<\/a> pour un RDV d&rsquo;informations gratuit et sans engagement. <\/p>\n","protected":false},"excerpt":{"rendered":"<p>Egalement appel\u00e9 reclassement externe, il s\u2019agit d\u2019un processus d\u2019accompagnement lors d\u2019un d\u00e9part, \u00e0 l\u2019amiable ou contraint du salari\u00e9 vers un emploi en dehors de son &hellip; <\/p>\n","protected":false},"author":1,"featured_media":0,"parent":0,"menu_order":0,"comment_status":"open","ping_status":"closed","template":"","meta":{"footnotes":""},"class_list":["post-126","page","type-page","status-publish","hentry","latest_post"],"jetpack_sharing_enabled":true,"_links":{"self":[{"href":"https:\/\/www.destinaction.fr\/index.php\/wp-json\/wp\/v2\/pages\/126","targetHints":{"allow":["GET"]}}],"collection":[{"href":"https:\/\/www.destinaction.fr\/index.php\/wp-json\/wp\/v2\/pages"}],"about":[{"href":"https:\/\/www.destinaction.fr\/index.php\/wp-json\/wp\/v2\/types\/page"}],"author":[{"embeddable":true,"href":"https:\/\/www.destinaction.fr\/index.php\/wp-json\/wp\/v2\/users\/1"}],"replies":[{"embeddable":true,"href":"https:\/\/www.destinaction.fr\/index.php\/wp-json\/wp\/v2\/comments?post=126"}],"version-history":[{"count":4,"href":"https:\/\/www.destinaction.fr\/index.php\/wp-json\/wp\/v2\/pages\/126\/revisions"}],"predecessor-version":[{"id":378,"href":"https:\/\/www.destinaction.fr\/index.php\/wp-json\/wp\/v2\/pages\/126\/revisions\/378"}],"wp:attachment":[{"href":"https:\/\/www.destinaction.fr\/index.php\/wp-json\/wp\/v2\/media?parent=126"}],"curies":[{"name":"wp","href":"https:\/\/api.w.org\/{rel}","templated":true}]}}