{"id":143,"date":"2021-12-07T10:42:56","date_gmt":"2021-12-07T09:42:56","guid":{"rendered":"http:\/\/www.destinaction.fr\/?p=143"},"modified":"2026-04-03T19:29:38","modified_gmt":"2026-04-03T17:29:38","slug":"quest-ce-quun-bilan-de-competences","status":"publish","type":"page","link":"https:\/\/www.destinaction.fr\/index.php\/quest-ce-quun-bilan-de-competences\/","title":{"rendered":"Bilan de comp\u00e9tences Emergence"},"content":{"rendered":"\n<div class=\"wp-block-cover aligncenter\"><img loading=\"lazy\" decoding=\"async\" width=\"505\" height=\"340\" class=\"wp-block-cover__image-background wp-image-355\" alt=\"\" src=\"http:\/\/www.destinaction.fr\/wp-content\/uploads\/2024\/01\/1599baffe8dbec3ee5b2d99ecfae337d514121565961510-e1706458322715.jpeg\" data-object-fit=\"cover\" srcset=\"https:\/\/www.destinaction.fr\/wp-content\/uploads\/2024\/01\/1599baffe8dbec3ee5b2d99ecfae337d514121565961510-e1706458322715.jpeg 505w, https:\/\/www.destinaction.fr\/wp-content\/uploads\/2024\/01\/1599baffe8dbec3ee5b2d99ecfae337d514121565961510-e1706458322715-300x202.jpeg 300w, https:\/\/www.destinaction.fr\/wp-content\/uploads\/2024\/01\/1599baffe8dbec3ee5b2d99ecfae337d514121565961510-e1706458322715-89x60.jpeg 89w\" sizes=\"auto, (max-width: 505px) 100vw, 505px\" \/><span aria-hidden=\"true\" class=\"wp-block-cover__background has-background-dim\"><\/span><div class=\"wp-block-cover__inner-container is-layout-flow wp-block-cover-is-layout-flow\">\n<p class=\"has-text-align-center has-large-font-size\"><mark style=\"background-color:rgba(0, 0, 0, 0)\" class=\"has-inline-color has-white-color\">Et si c&rsquo;\u00e9tait le bon moment ?<\/mark><\/p>\n<\/div><\/div>\n\n\n\n<p><em>Un travail sur soi pour d\u00e9finir un nouveau projet d&rsquo;\u00e9volution professionnelle et personnelle et passer \u00e0 l&rsquo;action : changement de poste, d&rsquo;entreprise, de vie, reconversion, cr\u00e9ation ou reprise d&rsquo;entreprise, &#8230;<\/em><\/p>\n\n\n\n<ul class=\"wp-block-list\">\n<li>Vous ressentez une insatisfaction ou des doutes dans votre vie professionnelle ?<\/li>\n\n\n\n<li>Vous souhaitez faire le point sur votre carri\u00e8re professionnelle pour donner un nouveau souffle, \u00e9voluer ou encore vous reconvertir ?<\/li>\n\n\n\n<li>Redonner du sens \u00e0 votre travail fait partie de vos priorit\u00e9s ?<\/li>\n\n\n\n<li>Votre \u00e9quilibre entre vie professionnelle et vie personnelle vous questionne, par exemple \u00e0 la suite d\u2019un changement important dans votre vie (naissance, mobilit\u00e9,&#8230;) ou d\u2019une p\u00e9riode d\u2019\u00e9puisement ?<\/li>\n\n\n\n<li>Vous aimeriez reprendre confiance, augmenter votre employabilit\u00e9, en identifiant vos comp\u00e9tences, vos forces et votre potentiel ?<\/li>\n<\/ul>\n\n\n\n<p><strong><em>Effectuer un bilan de comp\u00e9tences est une opportunit\u00e9 de prendre du recul sur vos pr\u00e9c\u00e9dentes orientations afin de faire des choix de carri\u00e8re qui vous correspondent aujourd\u2019hui, vous permettant d\u2019atteindre vos objectifs d\u2019\u00e9panouissement par le passage \u00e0 l\u2019action !<\/em><\/strong><\/p>\n\n\n\n<blockquote class=\"wp-block-quote is-layout-flow wp-block-quote-is-layout-flow\">\n<p>R\u00e9v\u00e9lez votre potentiel et s\u00e9curisez votre parcours et votre projet professionnel gr\u00e2ce au bilan de comp\u00e9tences Emergence !<\/p>\n<\/blockquote>\n\n\n\n<p><em>Un bilan de comp\u00e9tences Emergence est un voyage \u00e0 la rencontre de vous-m\u00eame et de votre potentiel. Identifiez l\u2019environnement professionnel et les m\u00e9tiers qui vous conviendront le mieux, dans lesquels vous pouvez vous \u00e9panouir tout en contribuant avec efficacit\u00e9, puis passez \u00e0 l\u2019action pour apporter des changements b\u00e9n\u00e9fiques et durables dans votre vie professionnelle !<\/em><\/p>\n\n\n\n<h3 class=\"wp-block-heading\"><strong><mark style=\"background-color:rgba(0, 0, 0, 0)\" class=\"has-inline-color has-vivid-red-color\">Un d\u00e9roulement en 4 \u00e9tapes <\/mark><\/strong><\/h3>\n\n\n<div class=\"wp-block-image\">\n<figure class=\"alignright size-full is-resized\"><img loading=\"lazy\" decoding=\"async\" width=\"850\" height=\"470\" src=\"https:\/\/www.destinaction.fr\/wp-content\/uploads\/2024\/07\/Capture-decran-2024-07-20-a-11.00.27.png\" alt=\"\" class=\"wp-image-395\" style=\"width:443px;height:auto\" srcset=\"https:\/\/www.destinaction.fr\/wp-content\/uploads\/2024\/07\/Capture-decran-2024-07-20-a-11.00.27.png 850w, https:\/\/www.destinaction.fr\/wp-content\/uploads\/2024\/07\/Capture-decran-2024-07-20-a-11.00.27-300x166.png 300w, https:\/\/www.destinaction.fr\/wp-content\/uploads\/2024\/07\/Capture-decran-2024-07-20-a-11.00.27-768x425.png 768w, https:\/\/www.destinaction.fr\/wp-content\/uploads\/2024\/07\/Capture-decran-2024-07-20-a-11.00.27-109x60.png 109w\" sizes=\"auto, (max-width: 850px) 100vw, 850px\" \/><\/figure>\n<\/div>\n\n\n<p><strong><mark style=\"background-color:rgba(0, 0, 0, 0)\" class=\"has-inline-color has-vivid-red-color\">La premi\u00e8re \u00e9tape<\/mark><\/strong>&nbsp;est un retour \u00e0 vos fondations : qui \u00eates-vous, de quoi avez-vous besoin sur le plan professionnel, quel est votre mode de fonctionnement, votre personnalit\u00e9, vos pr\u00e9f\u00e9rences. Mieux vous conna\u00eetre permet de clarifier vos aspirations, de faire des choix \u00e9clair\u00e9s et de gagner en confiance.<\/p>\n\n\n\n<p><mark style=\"background-color:rgba(0, 0, 0, 0)\" class=\"has-inline-color has-vivid-red-color\"><strong>La deuxi\u00e8me \u00e9tape<\/strong>&nbsp;<\/mark>est une ouverture du champ des possibles : oser r\u00eaver, faire un pas de c\u00f4t\u00e9 pour vous offrir l\u2019opportunit\u00e9 d\u2019une orientation professionnelle au service de vos aspirations, explorer les voies possibles sans entrave.<\/p>\n\n\n\n<p><strong><mark style=\"background-color:rgba(0, 0, 0, 0)\" class=\"has-inline-color has-vivid-red-color\">La troisi\u00e8me \u00e9tape<\/mark><\/strong>&nbsp;est le temps de la construction : identifier vos comp\u00e9tences et ressources mobilisables et transf\u00e9rables au service d\u2019un projet qui se dessine, \u00e9valuer les options possibles et les modalit\u00e9s associ\u00e9es.<\/p>\n\n\n\n<p><strong><mark style=\"background-color:rgba(0, 0, 0, 0)\" class=\"has-inline-color has-vivid-red-color\">La quatri\u00e8me \u00e9tape<\/mark><\/strong>&nbsp;est l\u2019engagement dans l\u2019action : valider un projet r\u00e9aliste, atteignable, coh\u00e9rent pour lequel un plan d\u2019action clair est \u00e9tabli. Il ne vous reste plus qu\u2019\u00e0 le d\u00e9rouler pour arriver \u00e0 votre objectif et r\u00e9aliser votre projet !<\/p>\n\n\n\n<h3 class=\"wp-block-heading\"><strong><mark style=\"background-color:rgba(0, 0, 0, 0)\" class=\"has-inline-color has-vivid-red-color\">Les objectifs d&rsquo;un bilan de comp\u00e9tences : <\/mark><\/strong><\/h3>\n\n\n\n<ul class=\"wp-block-list\">\n<li>Un bilan de comp\u00e9tences ne s\u2019adresse pas seulement aux personnes en r\u00e9orientation professionnelle, mais \u00e0 toute personne souhaitant faire un point sur sa vie professionnelle, ses potentiels, ses projets, sans forc\u00e9ment tout remettre en question.<\/li>\n\n\n\n<li>Le bilan de comp\u00e9tences permet de :\n<ul class=\"wp-block-list\">\n<li>Prendre du recul sur son v\u00e9cu professionnel<\/li>\n\n\n\n<li>R\u00e9fl\u00e9chir \u00e0 ses aspirations et ses projets<\/li>\n\n\n\n<li>Faire le point sur ses comp\u00e9tences et aptitudes<\/li>\n\n\n\n<li>Gagner en confiance et en estime de soi par une meilleure connaissance de ses forces et de ses axes d\u2019am\u00e9lioration<\/li>\n\n\n\n<li>Ouvrir le champ des possibles vers de nouvelles perspectives professionnelles r\u00e9pondant aux motivations et int\u00e9r\u00eats<\/li>\n\n\n\n<li>Prendre en main sa carri\u00e8re, en \u00eatre acteur<\/li>\n\n\n\n<li>Clarifier ses arguments pour une candidature, une demande de financement de formation, une \u00e9volution de carri\u00e8re<\/li>\n\n\n\n<li>S\u2019\u00e9panouir dans un projet professionnel r\u00e9aliste et atteignable<\/li>\n<\/ul>\n<\/li>\n<\/ul>\n\n\n\n<h3 class=\"wp-block-heading has-text-align-right\"><strong><mark style=\"background-color:rgba(0, 0, 0, 0)\" class=\"has-inline-color has-vivid-red-color\">\u00c0 la fin du bilan, vous aurez :<\/mark><\/strong><\/h3>\n\n\n\n<ul class=\"wp-block-list\">\n<li>Une meilleure connaissance de vous, de votre mode de fonctionnement, de vos sources de motivation et d\u2019\u00e9panouissement<\/li>\n\n\n\n<li>Une vision plus claire de vos aspirations professionnelles et de vos projets, de ce que vous voulez et ce que vous ne voulez plus<\/li>\n\n\n\n<li>Un meilleur recul sur votre v\u00e9cu professionnel et sur votre situation<\/li>\n\n\n\n<li>Regagn\u00e9 en confiance et en estime pour r\u00e9aliser vos projets et vous accomplir<\/li>\n\n\n\n<li>Identifi\u00e9 les changements n\u00e9cessaires dans votre vie professionnelle<\/li>\n\n\n\n<li>\u00c9chang\u00e9 avec des professionnels pour clarifier vos projets et \u00e9largir votre r\u00e9seau<\/li>\n\n\n\n<li>V\u00e9rifi\u00e9 le r\u00e9alisme et la faisabilit\u00e9 de vos projets, notamment au regard du march\u00e9 de l\u2019emploi, de l\u2019avenir des m\u00e9tiers et des formations n\u00e9cessaires<\/li>\n\n\n\n<li>D\u00e9fini un projet professionnel, d\u2019\u00e9volution, d\u2019adaptation ou de r\u00e9orientation, avec un plan d\u2019action clair \u00e0 mettre en \u0153uvre<\/li>\n<\/ul>\n\n\n\n<h3 class=\"wp-block-heading\"><strong><mark style=\"background-color:rgba(0, 0, 0, 0)\" class=\"has-inline-color has-vivid-red-color\">Vous souhaitez entamer un bilan de comp\u00e9tences ?<\/mark><\/strong><\/h3>\n\n\n\n<p>Tr\u00e8s bon choix ! Afin de savoir si le bilan Emergence est fait pour vous, nous nous rencontrons d\u2019abord lors d\u2019un premier entretien offert et sans engagement. C\u2019est l\u2019occasion de faire un point sur votre situation et votre demande, et de r\u00e9pondre \u00e0 toutes vos questions concernant l\u2019accompagnement.<\/p>\n\n\n\n<p>Un bilan de comp\u00e9tences Emergence combine 7, 8 ou 12 rendez-vous de 2 heures, en fonction de la formule choisie (soit 14, 16 ou 24h d\u2019accompagnement avec un consultant) et du travail personnel en intersession. Il se d\u00e9roule en g\u00e9n\u00e9ral sur une p\u00e9riode de 2 \u00e0 4 mois. Les dates des rendez-vous seront d\u00e9cid\u00e9es conjointement entre vous et votre consultant. Un bilan de comp\u00e9tences peut \u00eatre r\u00e9alis\u00e9 \u00e0 tout moment de l\u2019ann\u00e9e et peut d\u00e9marrer dans un d\u00e9lai de 2 semaines \u00e0 1 mois apr\u00e8s la validation du financement et de l\u2019inscription (d\u00e9lai l\u00e9gal de r\u00e9tractation de 14 jours \u00e0 respecter).<\/p>\n\n\n\n<p>Le bilan de comp\u00e9tences est une d\u00e9marche r\u00e9glement\u00e9e par le code du travail et dont l\u2019objectif est de \u00ab permettre \u00e0 des travailleurs d\u2019analyser leurs comp\u00e9tences professionnelles et personnelles ainsi que leurs aptitudes et leurs motivations afin de d\u00e9finir un projet professionnel et le cas \u00e9ch\u00e9ant un projet de formation \u00bb (Art.L.6313-1 et Art.L.6313-10).<\/p>\n\n\n\n<h3 class=\"wp-block-heading\"><mark style=\"background-color:rgba(0, 0, 0, 0)\" class=\"has-inline-color has-vivid-red-color\">Les 3 phases d\u2019un bilan de comp\u00e9tences<\/mark> <\/h3>\n\n\n\n<p><em>Conform\u00e9ment aux dispositions inscrites au code du travail <\/em><\/p>\n\n\n\n<h6 class=\"wp-block-heading\"><strong>Phase pr\u00e9liminaire<\/strong><\/h6>\n\n\n\n<p>Au cours de cette phase, il s\u2019agit de bien comprendre votre demande, d\u2019\u00e9valuer vos besoins et de d\u00e9finir vos objectifs. Nous d\u00e9terminons ensemble le format et le parcours les plus adapt\u00e9s \u00e0 votre situation, notamment en termes de priorit\u00e9s, d\u2019outils, de contenu.<\/p>\n\n\n\n<h6 class=\"wp-block-heading\"><strong>Phase d\u2019investigation<\/strong><\/h6>\n\n\n\n<p>Au c\u0153ur du bilan, elle est orient\u00e9e sur l\u2019analyse du parcours et la connaissance de soi (personnalit\u00e9, motivations, valeurs), puis traite de l\u2019exploration des pistes professionnelles, de l\u2019analyse des comp\u00e9tences et de la prise d\u2019informations pertinentes pour \u00e9tablir un projet coh\u00e9rent, atteignable et r\u00e9aliste, et des alternatives si besoin.<\/p>\n\n\n\n<h6 class=\"wp-block-heading\"><strong>Phase de conclusion<\/strong><\/h6>\n\n\n\n<p>Cette phase comprend l\u2019appropriation des r\u00e9sultats de la phase d\u2019investigation, la validation du projet et l\u2019\u00e9tablissement d\u2019un plan d\u2019action permettant de le r\u00e9aliser. Un document de synth\u00e8se du travail de bilan de comp\u00e9tences vous est remis en fin d\u2019accompagnement et un entretien de suivi \u00e0 6 mois vous est propos\u00e9.<\/p>\n\n\n\n<h3 class=\"wp-block-heading\"><strong><mark style=\"background-color:rgba(0, 0, 0, 0)\" class=\"has-inline-color has-vivid-red-color\">Pourquoi choisir un bilan Emergence ?<\/mark><\/strong><\/h3>\n\n\n\n<h5 class=\"wp-block-heading\">Le bilan Emergence est bien plus qu\u2019un bilan de comp\u00e9tences<\/h5>\n\n\n\n<p>La m\u00e9thode d\u2019accompagnement a \u00e9t\u00e9 \u00e9labor\u00e9e par 2 coachs professionnelles certifi\u00e9es avec plusieurs ann\u00e9es d\u2019exp\u00e9rience dans l\u2019orientation professionnelle et le management, et ayant chacune v\u00e9cu un bilan de comp\u00e9tences et une reconversion.<\/p>\n\n\n\n<p><br>Elle combine des outils efficaces (dont des tests psychom\u00e9triques et des jeux de connaissance de soi), un d\u00e9roul\u00e9 adaptable \u00e0 vos besoins et une qualit\u00e9 d\u2019\u00e9coute et de questionnement pour vous permettre de gagner en clart\u00e9 et en efficacit\u00e9. Des livrets de travail complets et inspirants viennent en soutien de la d\u00e9marche et de votre travail en intersession.<\/p>\n\n\n\n<p>Les s\u00e9ances d\u2019accompagnement vous sont propos\u00e9es au choix en Visio-conf\u00e9rence ou en pr\u00e9sentiel, au sein de nos 2 cabinets \u00e0 Montbrison et Saint Galmier, des lieux chaleureux et accueillants.<br>L\u2019accompagnement est propos\u00e9 dans un cadre s\u00e9curisant, bienveillant, non jugeant. Tous nos \u00e9changes sont confidentiels : vous parlez de votre bilan aux personnes de votre choix, nous, nous n\u2019en parlons qu\u2019\u00e0 vous.<br><\/p>\n\n\n\n<h3 class=\"wp-block-heading\"><strong><mark style=\"background-color:rgba(0, 0, 0, 0)\" class=\"has-inline-color has-vivid-red-color\">Tarif et modalit\u00e9s de financement<\/mark><\/strong><\/h3>\n\n\n\n<p>Le bilan de comp\u00e9tences \u00c9mergence comprend :<\/p>\n\n\n\n<ul class=\"wp-block-list\">\n<li>Un premier rendez-vous d\u2019information de 45 minutes, offert et sans engagement<\/li>\n\n\n\n<li>Des livrets d\u2019inspiration et de travail ainsi que des documents supports pour guider votre travail en intersession<\/li>\n\n\n\n<li>Le passage de tests psychom\u00e9triques, selon votre profil et vos besoins<\/li>\n\n\n\n<li>Un document de synth\u00e8se, dont vous avez la propri\u00e9t\u00e9 exclusive, reprenant les principaux \u00e9l\u00e9ments de l\u2019accompagnement<\/li>\n\n\n\n<li>Un rendez-vous de suivi \u00e0 6 mois pour faire le point sur votre projet et votre plan d\u2019action<\/li>\n<\/ul>\n\n\n\n<p><strong>Pour r\u00e9pondre \u00e0 vos besoins nous vous proposons plusieurs formules :<\/strong><\/p>\n\n\n\n<p>* La <strong><mark style=\"background-color:rgba(0, 0, 0, 0)\" class=\"has-inline-color has-vivid-cyan-blue-color\">formule \u00ab\u00a0Essentiel\u00a0\u00bb<\/mark><\/strong>, d\u2019une dur\u00e9e totale de 20h dont 14h en face \u00e0 face, vous est propos\u00e9 au tarif de&nbsp;<strong><mark style=\"background-color:rgba(0, 0, 0, 0)\" class=\"has-inline-color has-vivid-cyan-blue-color\">1750 \u20ac TTC<\/mark><\/strong>. Cela comprend :<\/p>\n\n\n\n<ul class=\"wp-block-list\">\n<li><strong><mark style=\"background-color:rgba(0, 0, 0, 0)\" class=\"has-inline-color has-vivid-cyan-blue-color\">7 rendez-vous de 2 heures<\/mark><\/strong> en t\u00eate \u00e0 t\u00eate (Visio-conf\u00e9rence ou pr\u00e9sentiel dans nos locaux de Montbrison ou Saint Galmier)<\/li>\n<\/ul>\n\n\n\n<p>* La <strong><mark style=\"background-color:rgba(0, 0, 0, 0)\" class=\"has-inline-color has-vivid-green-cyan-color\">formule Classique<\/mark><\/strong>, d\u2019une dur\u00e9e totale de 24h dont 16h en face \u00e0 face, vous est propos\u00e9 au tarif de\u00a0<strong><mark style=\"background-color:rgba(0, 0, 0, 0)\" class=\"has-inline-color has-vivid-green-cyan-color\">1850 \u20ac TTC<\/mark><\/strong>. Cela comprend :<\/p>\n\n\n\n<ul class=\"wp-block-list\">\n<li><strong><mark style=\"background-color:rgba(0, 0, 0, 0)\" class=\"has-inline-color has-vivid-green-cyan-color\">8 rendez-vous de 2 heures<\/mark><\/strong> en t\u00eate \u00e0 t\u00eate (Visio-conf\u00e9rence ou pr\u00e9sentiel dans nos locaux de Montbrison ou Saint Galmier)<\/li>\n<\/ul>\n\n\n\n<p>* La <mark style=\"background-color:rgba(0, 0, 0, 0)\" class=\"has-inline-color has-vivid-red-color\"><strong>formule Premium<\/strong><\/mark>, d\u2019une dur\u00e9e totale de 24h dont 16h en face \u00e0 face, vous est propos\u00e9 au tarif de&nbsp;<strong><mark style=\"background-color:rgba(0, 0, 0, 0)\" class=\"has-inline-color has-vivid-red-color\">2400 \u20ac TTC.<\/mark><\/strong> Cela comprend :<\/p>\n\n\n\n<ul class=\"wp-block-list\">\n<li><mark style=\"background-color:rgba(0, 0, 0, 0)\" class=\"has-inline-color has-vivid-red-color\"><strong>12 rendez-vous de 2 heures<\/strong><\/mark> en t\u00eate \u00e0 t\u00eate (Visio-conf\u00e9rence ou pr\u00e9sentiel dans nos locaux de Montbrison ou Saint Galmier)\n<ul class=\"wp-block-list\">\n<li>Entre 14 et 16h pour faire le point sur vous et \u00e9laborer votre projet <\/li>\n\n\n\n<li>Entre 8 et 10h suppl\u00e9mentaires d&rsquo;accompagnement personnalis\u00e9 pour la mise en place de votre projet (coaching professionnel, atelier technique \u00e0 la recherche d\u2019emploi, aide \u00e0 la cr\u00e9ation d\u2019entreprise, gestion des \u00e9motions, r\u00e9seaux sociaux, training entretien d\u2019embauche, etc&#8230; )<\/li>\n<\/ul>\n<\/li>\n<\/ul>\n\n\n\n<p>Votre bilan Emergence peut \u00eatre financ\u00e9 de diff\u00e9rentes mani\u00e8res (n\u2019h\u00e9sitez pas \u00e0 nous consulter pour plus d\u2019informations), les plus courantes \u00e9tant :<\/p>\n\n\n\n<ul class=\"wp-block-list\">\n<li><strong><mark style=\"background-color:rgba(0, 0, 0, 0)\" class=\"has-inline-color has-luminous-vivid-orange-color\">Financement par le compte personnel de formation (CPF) :<\/mark><\/strong><\/li>\n<\/ul>\n\n\n\n<p>Le Bilan de comp\u00e9tences \u00c9MERGENCE est une formation \u00e9ligible au compte personnel de formation.<\/p>\n\n\n\n<p><strong><mark style=\"background-color:rgba(0, 0, 0, 0)\" class=\"has-inline-color has-luminous-vivid-orange-color\">*IMPORTANT<\/mark><\/strong><\/p>\n\n\n\n<p><strong>RESTE \u00c0 CHARGE<\/strong> CPF&nbsp;: Le d\u00e9cret n\u00b0 2024-394 du 29 avril 2024 pr\u00e9voit que chaque titulaire souhaitant s\u2019inscrire \u00e0 une formation, en mobilisant ses droits CPF, doit d\u00e9sormais participer au financement de sa formation. <\/p>\n\n\n\n<p>L&rsquo;arr\u00eat\u00e9 du 26 d\u00e9cembre 2024 a entrain\u00e9 une revalorisation de ce montant. \u00c0 partir du 5 janvier 2026, la participation financi\u00e8re obligatoire est fix\u00e9e \u00e0 103.20\u20ac,&nbsp;<\/p>\n\n\n\n<p><strong>Enfin le d\u00e9cret du 30 mars 2026 rel\u00e8ve <mark style=\"background-color:rgba(0, 0, 0, 0)\" class=\"has-inline-color has-vivid-red-color\">le&nbsp;montant du reste \u00e0 charge \u00e0 150 \u20ac<\/mark>&nbsp;pour&nbsp;&nbsp;toute demande de souscription \u00e0 une action de formation \u00e9ligible au CPF \u00e0 compter du 2 avril 2026<\/strong>, <a href=\"https:\/\/www.moncompteformation.gouv.fr\/espace-public\/je-pense-ne-pas-etre-concerne-par-la-participation-financiere-obligatoire\">sauf exceptions<\/a>*<\/p>\n\n\n\n<p><strong><em>*Exceptions :&nbsp;<\/em><\/strong><\/p>\n\n\n\n<p>\u2022<em>Si vous \u00eates demandeur d&#8217;emploi ;<\/em><\/p>\n\n\n\n<p>\u2022<em>Lorsque votre formation fait l\u2019objet d\u2019un abondement de la part de votre employeur ;<\/em><\/p>\n\n\n\n<p>\u2022<em>Lorsque vous souhaitez mobiliser tout ou partie des points de votre compte professionnel de pr\u00e9vention (C2P) ;<\/em><\/p>\n\n\n\n<p>\u2022<em>Si vous avez droit \u00e0 un abondement AT-MP (prise en charge due \u00e0 une incapacit\u00e9 permanente pour les personnes victimes d&rsquo;un accident du travail ou de maladie professionnelle).<\/em><\/p>\n\n\n\n<p><strong>PLAFONNEMENT CPF<\/strong>&nbsp;: Le d\u00e9cret n\u00b02026-127 du 24 f\u00e9vrier 2026 pr\u00e9voit un plafond d&rsquo;utilisation des droits inscrits sur le compte personnel de formation, \u00e0 mille six cents euros pour les bilans de comp\u00e9tences. Il n\u2019est possible de mobiliser le CPF pour un bilan de comp\u00e9tences qu\u2019une fois tous les 5 ans.<\/p>\n\n\n\n<ul class=\"wp-block-list\">\n<li><strong><mark style=\"background-color:rgba(0, 0, 0, 0)\" class=\"has-inline-color has-luminous-vivid-orange-color\">Financement par le plan de d\u00e9veloppement des comp\u00e9tences de votre entreprise<\/mark><\/strong> : votre employeur peut vous accompagner dans votre d\u00e9marche en finan\u00e7ant directement le bilan de comp\u00e9tences, qui peut alors \u00eatre r\u00e9alis\u00e9 sur le temps de travail.<\/li>\n\n\n\n<li><strong><mark style=\"background-color:rgba(0, 0, 0, 0)\" class=\"has-inline-color has-luminous-vivid-orange-color\">Financement via France Travail<\/mark><\/strong> : Le bilan de comp\u00e9tences peut \u00eatre financ\u00e9 via l&rsquo;Aide Individuelle \u00e0 la Formation (AIF) par le biais de France Travail. Un demandeur d&#8217;emploi a aussi le droit de r\u00e9aliser un bilan de comp\u00e9tences pour red\u00e9finir son projet professionnel et rebondir plus rapidement.<\/li>\n\n\n\n<li><mark style=\"background-color:rgba(0, 0, 0, 0)\" class=\"has-inline-color has-luminous-vivid-orange-color\">Financement personnel :<\/mark> investissez sur votre d\u00e9veloppement et votre \u00e9volution en finan\u00e7ant vous-m\u00eame votre bilan. Des facilit\u00e9s de paiement vous seront propos\u00e9es. <\/li>\n<\/ul>\n\n\n\n<h3 class=\"wp-block-heading\"><strong><mark style=\"background-color:rgba(0, 0, 0, 0)\" class=\"has-inline-color has-vivid-red-color\">\u00c0 qui s\u2019adresse un bilan de comp\u00e9tences ?<\/mark><\/strong><\/h3>\n\n\n\n<p>Un bilan de comp\u00e9tences s\u2019adresse \u00e0 toute personne souhaitant faire un point sur sa vie professionnelle, \u00e0 partir de l\u2019entr\u00e9e dans la vie active et jusqu\u2019au d\u00e9part \u00e0 la retraite, quel que soit le niveau de formation ou le profil (salari\u00e9, agent de la fonction publique, demandeur d\u2019emploi, entrepreneur, b\u00e9n\u00e9vole, en d\u00e9but de parcours professionnel ou travailleur exp\u00e9riment\u00e9&#8230;).<\/p>\n\n\n\n<p>Aucun pr\u00e9requis n\u2019est exig\u00e9 pour suivre un accompagnement en bilan de comp\u00e9tences.<br>Une bonne compr\u00e9hension de la langue fran\u00e7aise est n\u00e9anmoins n\u00e9cessaire pour utiliser nos supports p\u00e9dagogiques, r\u00e9pondre aux questionnaires et\/ou r\u00e9aliser les tests.<br>Venez \u00e9changer sur votre situation et vos besoins pour que nous vous accompagnions au mieux dans vos choix et votre d\u00e9cision.<\/p>\n\n\n\n<p>Vous \u00eates en situation de handicap ?&nbsp;<a href=\"https:\/\/www.destinaction.fr\/index.php\/2021\/12\/07\/comment-nous-contacter\/\" data-type=\"post\" data-id=\"169\">Contactez-nous<\/a>&nbsp;pour \u00e9changer sur vos besoins et votre situation afin de vous proposer un accueil et un suivi adapt\u00e9s.<\/p>\n\n\n\n<div data-wp-interactive=\"core\/file\" class=\"wp-block-file\"><object data-wp-bind--hidden=\"!state.hasPdfPreview\" hidden class=\"wp-block-file__embed\" data=\"https:\/\/www.destinaction.fr\/wp-content\/uploads\/2026\/04\/PROGRAMME-BC-EMERGENCE_04_2026_DESTINACTION.pdf\" type=\"application\/pdf\" style=\"width:100%;height:600px\" aria-label=\"Contenu embarqu\u00e9 PROGRAMME BC EMERGENCE_04_2026_DESTINACTION.\"><\/object><a id=\"wp-block-file--media-fd38fdd2-9043-4c84-ba44-370a31b0230f\" href=\"https:\/\/www.destinaction.fr\/wp-content\/uploads\/2026\/04\/PROGRAMME-BC-EMERGENCE_04_2026_DESTINACTION.pdf\">PROGRAMME BC EMERGENCE_04_2026_DESTINACTION<\/a><a href=\"https:\/\/www.destinaction.fr\/wp-content\/uploads\/2026\/04\/PROGRAMME-BC-EMERGENCE_04_2026_DESTINACTION.pdf\" class=\"wp-block-file__button wp-element-button\" download aria-describedby=\"wp-block-file--media-fd38fdd2-9043-4c84-ba44-370a31b0230f\">T\u00e9l\u00e9charger<\/a><\/div>\n","protected":false},"excerpt":{"rendered":"<p>Un travail sur soi pour d\u00e9finir un nouveau projet d&rsquo;\u00e9volution professionnelle et personnelle et passer \u00e0 l&rsquo;action : changement de poste, d&rsquo;entreprise, de vie, reconversion, &hellip; <\/p>\n","protected":false},"author":1,"featured_media":0,"parent":0,"menu_order":0,"comment_status":"open","ping_status":"open","template":"","meta":{"footnotes":""},"class_list":["post-143","page","type-page","status-publish","hentry","latest_post"],"jetpack_sharing_enabled":true,"_links":{"self":[{"href":"https:\/\/www.destinaction.fr\/index.php\/wp-json\/wp\/v2\/pages\/143","targetHints":{"allow":["GET"]}}],"collection":[{"href":"https:\/\/www.destinaction.fr\/index.php\/wp-json\/wp\/v2\/pages"}],"about":[{"href":"https:\/\/www.destinaction.fr\/index.php\/wp-json\/wp\/v2\/types\/page"}],"author":[{"embeddable":true,"href":"https:\/\/www.destinaction.fr\/index.php\/wp-json\/wp\/v2\/users\/1"}],"replies":[{"embeddable":true,"href":"https:\/\/www.destinaction.fr\/index.php\/wp-json\/wp\/v2\/comments?post=143"}],"version-history":[{"count":22,"href":"https:\/\/www.destinaction.fr\/index.php\/wp-json\/wp\/v2\/pages\/143\/revisions"}],"predecessor-version":[{"id":477,"href":"https:\/\/www.destinaction.fr\/index.php\/wp-json\/wp\/v2\/pages\/143\/revisions\/477"}],"wp:attachment":[{"href":"https:\/\/www.destinaction.fr\/index.php\/wp-json\/wp\/v2\/media?parent=143"}],"curies":[{"name":"wp","href":"https:\/\/api.w.org\/{rel}","templated":true}]}}