{"id":148,"date":"2021-12-07T10:46:58","date_gmt":"2021-12-07T09:46:58","guid":{"rendered":"http:\/\/www.destinaction.fr\/?p=148"},"modified":"2024-09-07T11:11:53","modified_gmt":"2024-09-07T09:11:53","slug":"a-quoi-sert-un-bilan-dorientation-jeune","status":"publish","type":"page","link":"https:\/\/www.destinaction.fr\/index.php\/a-quoi-sert-un-bilan-dorientation-jeune\/","title":{"rendered":"Bilan d&rsquo;orientation"},"content":{"rendered":"\n<div class=\"wp-block-cover aligncenter\"><span aria-hidden=\"true\" class=\"wp-block-cover__background has-background-dim\"><\/span><img loading=\"lazy\" decoding=\"async\" width=\"2560\" height=\"1707\" class=\"wp-block-cover__image-background wp-image-362\" alt=\"\" src=\"http:\/\/www.destinaction.fr\/wp-content\/uploads\/2024\/01\/pexels-carolyn-3345082-scaled.jpg\" data-object-fit=\"cover\" srcset=\"https:\/\/www.destinaction.fr\/wp-content\/uploads\/2024\/01\/pexels-carolyn-3345082-scaled.jpg 2560w, https:\/\/www.destinaction.fr\/wp-content\/uploads\/2024\/01\/pexels-carolyn-3345082-300x200.jpg 300w, https:\/\/www.destinaction.fr\/wp-content\/uploads\/2024\/01\/pexels-carolyn-3345082-1024x683.jpg 1024w, https:\/\/www.destinaction.fr\/wp-content\/uploads\/2024\/01\/pexels-carolyn-3345082-768x512.jpg 768w, https:\/\/www.destinaction.fr\/wp-content\/uploads\/2024\/01\/pexels-carolyn-3345082-1536x1024.jpg 1536w, https:\/\/www.destinaction.fr\/wp-content\/uploads\/2024\/01\/pexels-carolyn-3345082-2048x1365.jpg 2048w, https:\/\/www.destinaction.fr\/wp-content\/uploads\/2024\/01\/pexels-carolyn-3345082-90x60.jpg 90w, https:\/\/www.destinaction.fr\/wp-content\/uploads\/2024\/01\/pexels-carolyn-3345082-420x280.jpg 420w\" sizes=\"auto, (max-width: 2560px) 100vw, 2560px\" \/><div class=\"wp-block-cover__inner-container is-layout-flow wp-block-cover-is-layout-flow\">\n<p class=\"has-text-align-center has-large-font-size\">Comment faire les bons choix quand une multitude de chemins s&rsquo;offre \u00e0 moi ?<\/p>\n<\/div><\/div>\n\n\n\n<p>Lorsque l\u2019on est jeune et que l\u2019on doit envisager son orientation, ce n\u2019est pas si facile\u2026 et parfois aussi tr\u00e8s anxiog\u00e8ne pour la famille, d\u2019autant&nbsp;que<strong>&nbsp;<\/strong>les choix d\u2019orientation s\u2019envisagent de plus en plus t\u00f4t.<\/p>\n\n\n\n<p>Avec plus de 21 000 certifications r\u00e9f\u00e9renc\u00e9es au Registre National de la Certification Professionnelle,<strong>&nbsp;<\/strong>l\u2019orientation est devenue une d\u00e9marche complexe et interactive<strong>&nbsp;<\/strong>qui a besoin des autres&nbsp;pour se construire.<\/p>\n\n\n\n<h4 class=\"wp-block-heading\"><mark style=\"background-color:rgba(0, 0, 0, 0)\" class=\"has-inline-color has-vivid-red-color\">Le bilan d&rsquo;orientation favorise la motivation et donc les r\u00e9sultats scolaires<\/mark><\/h4>\n\n\n\n<p>95% des \u00e9l\u00e8ves qui savent ce qu&rsquo;ils veulent faire plus tard se disent plus motiv\u00e9s \u00e0 l&rsquo;\u00e9cole, travaillent plus et mieux pour r\u00e9ussir leurs \u00e9tudes, ont de meilleurs r\u00e9sultats et de meilleures relations avec leur professeur et leurs parents. <\/p>\n\n\n\n<p>Un jeune qui a identifi\u00e9 ses comp\u00e9tences et sa singularit\u00e9, ses centres d\u2019int\u00e9r\u00eats, honor\u00e9 ses r\u00e9ussites, valoris\u00e9 ses talents sera plus \u00e0 m\u00eame de faire des choix autonomes et responsables,&nbsp;<strong>des choix qui lui ressemblent<\/strong>.<\/p>\n\n\n\n<p><strong>Construire son&nbsp;projet professionnel&nbsp;demande du temps,&nbsp;<\/strong>c\u2019est un processus lent qui n\u00e9cessite de se poser des questions, de questionner l\u2019entourage, de rencontrer des professionnels, de pr\u00e9parer ses visites de salons\u2026<\/p>\n\n\n\n<h4 class=\"wp-block-heading\"><mark style=\"background-color:rgba(0, 0, 0, 0)\" class=\"has-inline-color has-vivid-red-color\">Les objectifs du bilan d&rsquo;orientation<\/mark><\/h4>\n\n\n\n<p>1. D\u00e9finir un projet d&rsquo;orientation qui correspond \u00e0 ses capacit\u00e9s, sa personnalit\u00e9 et ses valeurs.<\/p>\n\n\n\n<p>2. Choisir les meilleures \u00e9coles et\/ou formation pour concr\u00e9tiser son r\u00eave<\/p>\n\n\n\n<p>3. Mettre en \u0153uvre un plan de travail pour r\u00e9ussir.<\/p>\n\n\n\n<h4 class=\"wp-block-heading\"><mark style=\"background-color:rgba(0, 0, 0, 0)\" class=\"has-inline-color has-vivid-red-color\">Les avantages du bilan d&rsquo;orientation<\/mark><\/h4>\n\n\n\n<p>Le bilan d&rsquo;orientation a fait depuis longtemps la preuve de son efficacit\u00e9 et ses avantages sont nombreux. N\u00e9anmoins, on peut en noter 3 qui sont les plus importants :<\/p>\n\n\n\n<p>1. Le bilan d&rsquo;orientation fait qu&rsquo;un jeune est plus motiv\u00e9, qu&rsquo;il travaille plus et a de meilleurs r\u00e9sultats<\/p>\n\n\n\n<p><br>2. L&rsquo;orientation est souvent source de conflit : le bilan permet d&rsquo;apaiser \u00e0 ce sujet les relations entre l&rsquo;adolescent et ses parents<\/p>\n\n\n\n<p><br>3. Des \u00e9conomies financi\u00e8res : le jeune ne risque pas de se tromper d&rsquo;orientation. Or on estime \u00e0 10 000 euros en moyenne le co\u00fbt d&rsquo;une mauvaise orientation.<\/p>\n\n\n\n<p><br>En bref &#8230; Le bilan d\u2019orientation, c\u2019est l&rsquo;outil indispensable pour permettre \u00e0 un adolescent de choisir les \u00e9tudes qui lui correspondent et trouver la motivation pour r\u00e9ussir ! Pour les parents, c&rsquo;est la meilleure solution pour rendre leurs enfants plus autonomes et plus responsables.<\/p>\n\n\n\n<h4 class=\"wp-block-heading\"><mark style=\"background-color:rgba(0, 0, 0, 0)\" class=\"has-inline-color has-vivid-red-color\">Notre m\u00e9thode<\/mark><\/h4>\n\n\n\n<p>DESTINACTION\u00ae base ses accompagnements sur une m\u00e9thode \u00e9prouv\u00e9e, permettant \u00e0 un(e) jeune de donner une direction \u00e0 ses \u00e9tudes et de construire son projet professionnel. Cette d\u00e9marche s\u2019appuie sur diff\u00e9rents tests (personnalit\u00e9, profil, motivation) ainsi que sur un cahier d&rsquo;exercices (valeurs, besoins, sens, activit\u00e9s id\u00e9ale, etc.) <\/p>\n\n\n\n<p>\u00c0 l&rsquo;issue de l&rsquo;accompagnement, le (la) jeune repartira avec une synth\u00e8se d\u00e9taill\u00e9e qui reprendra les points suivants :<\/p>\n\n\n\n<p>I\/ Mon projet personnel et professionnel <\/p>\n\n\n\n<p>II\/ Ma strat\u00e9gie d&rsquo;\u00e9tudes et mon plan B<\/p>\n\n\n\n<p>III\/ Mon plan d&rsquo;actions<\/p>\n\n\n\n<h4 class=\"wp-block-heading\"><mark style=\"background-color:rgba(0, 0, 0, 0)\" class=\"has-inline-color has-vivid-red-color\">Formules et tarifs<\/mark><\/h4>\n\n\n\n<figure class=\"wp-block-table\"><table><tbody><tr><td><strong>BILAN D\u2019ORIENTATION\u00a0ESSENTIEL<\/strong><\/td><\/tr><tr><td>1\/ Entretien guid\u00e9 entre le jeune et la consultante (1h)<br>2\/ Passation de tests (2h) et r\u00e9alisation du livret d&rsquo;accompagnement \u00e0 la maison\u00a0<br>3\/ Proposition de 3 pistes d\u2019orientation (\u00e9tudes + m\u00e9tiers et d\u00e9bouch\u00e9s) (1h)<br><br><em>* RDV de restitution du projet aux parents par le jeune avec \u00e9clairage et explicatifs du consultant offert (45 minutes)\u00a0<br><br>Remise du document de restitution des tests\u00a0<\/em><\/td><\/tr><tr><td>Dur\u00e9e : 4h dont 2h d\u2019entretien individuel\u00a0<\/td><\/tr><tr><td><strong>250 euros TTC<\/strong> <em>(Paiement possible en 3 fois sans frais)<\/em><\/td><\/tr><\/tbody><\/table><\/figure>\n\n\n\n<figure class=\"wp-block-table\"><table><tbody><tr><td><strong>BILAN D\u2019ORIENTATION CLASSIC<\/strong><\/td><\/tr><tr><td>1\/ Entretien guid\u00e9 entre le jeune et la consultante (1h)<br>2\/ Passation de tests et r\u00e9alisation du livret d&rsquo;accompagnement (2h) \u00e0 la maison\u00a0<br>3\/ Restitution des tests avec proposition de pistes d\u2019orientation (\u00e9tudes + m\u00e9tiers et d\u00e9bouch\u00e9s) (2h)<br>4\/ Finalisation de l\u2019exploration, de l\u2019analyse des pistes et de la synth\u00e8se (2h)<br><br><em>* RDV de restitution du projet aux parents par le jeune avec \u00e9clairage et explicatifs du consultant offert (45 minutes)\u00a0<br><br>Remise d\u2019une synth\u00e8se \u00e9crite d\u00e9taill\u00e9e<\/em><\/td><\/tr><tr><td>Dur\u00e9e : 7h dont 5h d\u2019entretien individuel&nbsp;<\/td><\/tr><tr><td><strong>500 euros TTC<\/strong> <em>(Paiement possible en 3, 6 fois sans frais)<\/em><\/td><\/tr><\/tbody><\/table><\/figure>\n\n\n\n<figure class=\"wp-block-table\"><table><tbody><tr><td><strong>BILAN D\u2019ORIENTATION INT\u00c9GRAL<\/strong><\/td><\/tr><tr><td>1\/ Entretien guid\u00e9 entre le jeune et la consultante (1h)<br>2\/ Passation de\u00a0tests et r\u00e9alisation du livret d\u2019accompagnement \u00e0 la maison (2h)<br>3\/ Restitution des tests avec proposition de pistes d\u2019orientation (\u00e9tudes + m\u00e9tiers et d\u00e9bouch\u00e9s) (2h)<br>4\/ Enqu\u00eate m\u00e9tier avec 3 professionnels &#8211; prise de contacts avec les \u00e9coles<br>5\/ Finalisation de l\u2019exploration, de l\u2019analyse des pistes et de la synth\u00e8se (2h)<br><br><em>* RDV de restitution du projet aux parents par le jeune avec \u00e9clairage et explicatifs du consultant offert (45 minutes)\u00a0<br><br>Remise d\u2019une synth\u00e8se \u00e9crite d\u00e9taill\u00e9e<\/em><\/td><\/tr><tr><td>Dur\u00e9e : 9h dont 7h d\u2019entretien individuel&nbsp;<\/td><\/tr><tr><td><strong>700 euros TTC<\/strong> <em>(Paiement possible en 3 et 6 fois sans frais)<\/em><\/td><\/tr><\/tbody><\/table><\/figure>\n","protected":false},"excerpt":{"rendered":"<p>Lorsque l\u2019on est jeune et que l\u2019on doit envisager son orientation, ce n\u2019est pas si facile\u2026 et parfois aussi tr\u00e8s anxiog\u00e8ne pour la famille, d\u2019autant&nbsp;que&nbsp;les &hellip; <\/p>\n","protected":false},"author":1,"featured_media":0,"parent":0,"menu_order":0,"comment_status":"open","ping_status":"open","template":"","meta":{"footnotes":""},"class_list":["post-148","page","type-page","status-publish","hentry","latest_post"],"jetpack_sharing_enabled":true,"_links":{"self":[{"href":"https:\/\/www.destinaction.fr\/index.php\/wp-json\/wp\/v2\/pages\/148","targetHints":{"allow":["GET"]}}],"collection":[{"href":"https:\/\/www.destinaction.fr\/index.php\/wp-json\/wp\/v2\/pages"}],"about":[{"href":"https:\/\/www.destinaction.fr\/index.php\/wp-json\/wp\/v2\/types\/page"}],"author":[{"embeddable":true,"href":"https:\/\/www.destinaction.fr\/index.php\/wp-json\/wp\/v2\/users\/1"}],"replies":[{"embeddable":true,"href":"https:\/\/www.destinaction.fr\/index.php\/wp-json\/wp\/v2\/comments?post=148"}],"version-history":[{"count":7,"href":"https:\/\/www.destinaction.fr\/index.php\/wp-json\/wp\/v2\/pages\/148\/revisions"}],"predecessor-version":[{"id":418,"href":"https:\/\/www.destinaction.fr\/index.php\/wp-json\/wp\/v2\/pages\/148\/revisions\/418"}],"wp:attachment":[{"href":"https:\/\/www.destinaction.fr\/index.php\/wp-json\/wp\/v2\/media?parent=148"}],"curies":[{"name":"wp","href":"https:\/\/api.w.org\/{rel}","templated":true}]}}