{"id":300,"date":"2024-01-28T11:36:09","date_gmt":"2024-01-28T10:36:09","guid":{"rendered":"http:\/\/www.destinaction.fr\/?page_id=300"},"modified":"2026-01-21T12:01:49","modified_gmt":"2026-01-21T11:01:49","slug":"accueil","status":"publish","type":"page","link":"https:\/\/www.destinaction.fr\/","title":{"rendered":""},"content":{"rendered":"<div class=\"wp-block-image is-style-rounded\">\n<figure class=\"aligncenter size-large\"><img loading=\"lazy\" decoding=\"async\" width=\"1024\" height=\"574\" src=\"http:\/\/www.destinaction.fr\/wp-content\/uploads\/2024\/01\/PORTE-PARACHUTE-MONTAGNE-1024x574.png\" alt=\"BIENVENUE \" class=\"wp-image-301\" srcset=\"https:\/\/www.destinaction.fr\/wp-content\/uploads\/2024\/01\/PORTE-PARACHUTE-MONTAGNE-1024x574.png 1024w, https:\/\/www.destinaction.fr\/wp-content\/uploads\/2024\/01\/PORTE-PARACHUTE-MONTAGNE-300x168.png 300w, https:\/\/www.destinaction.fr\/wp-content\/uploads\/2024\/01\/PORTE-PARACHUTE-MONTAGNE-768x431.png 768w, https:\/\/www.destinaction.fr\/wp-content\/uploads\/2024\/01\/PORTE-PARACHUTE-MONTAGNE-107x60.png 107w, https:\/\/www.destinaction.fr\/wp-content\/uploads\/2024\/01\/PORTE-PARACHUTE-MONTAGNE.png 1052w\" sizes=\"auto, (max-width: 1024px) 100vw, 1024px\" \/><figcaption class=\"wp-element-caption\"><em>\u00ab\u00a0Rien dans ce monde n&rsquo;arrive par hasard\u00a0\u00bb Paulo Coelho<\/em><\/figcaption><\/figure>\n<\/div>\n\n\n<p>Vous vous questionnez actuellement sur votre \u00e9quilibre de vie, et votre quotidien ?<br>Vous vivez une p\u00e9riode de changement, de transition, sur le plan professionnel ou personnel ?<br>Vous avez besoin d\u2019y voir plus clair, pour faire des choix afin de retrouver plus d&rsquo;\u00e9panouissement et de s\u00e9r\u00e9nit\u00e9 ?<br>Vous souhaitez passer \u00e0 l\u2019action pour r\u00e9aliser vos projets, vos r\u00eaves, et seul(e) vous n&rsquo;y arrivez pas ?<\/p>\n\n\n\n<p>Vous avez l&rsquo;impression d&rsquo;\u00eatre d\u00e9connect\u00e9(e) de vous-m\u00eame, de ne plus vraiment savoir qui vous \u00eates, de ne plus \u00eatre ma\u00eetre de vos choix et d\u00e9cisions.&nbsp;<\/p>\n\n\n\n<p>Vous avez l&rsquo;impression de stagner, de vous enfermer dans une routine qui vous lasse.<\/p>\n\n\n\n<p>Vous aimeriez reprendre les r\u00eanes de votre vie, retrouver cette \u00e9tincelle qui vous fait vibrer, \u00eatre ma\u00eetre de votre destin.<\/p>\n\n\n\n<p>Alors vous \u00eates au bon endroit et nous vous souhaitons la bienvenue<\/p>\n\n\n\n<figure class=\"wp-block-image size-large\"><img loading=\"lazy\" decoding=\"async\" width=\"1024\" height=\"535\" src=\"https:\/\/www.destinaction.fr\/wp-content\/uploads\/2026\/01\/LOGO-QUALIOPI-DESTINACTION-1024x535.png\" alt=\"\" class=\"wp-image-461\" srcset=\"https:\/\/www.destinaction.fr\/wp-content\/uploads\/2026\/01\/LOGO-QUALIOPI-DESTINACTION-1024x535.png 1024w, https:\/\/www.destinaction.fr\/wp-content\/uploads\/2026\/01\/LOGO-QUALIOPI-DESTINACTION-300x157.png 300w, https:\/\/www.destinaction.fr\/wp-content\/uploads\/2026\/01\/LOGO-QUALIOPI-DESTINACTION-768x401.png 768w, https:\/\/www.destinaction.fr\/wp-content\/uploads\/2026\/01\/LOGO-QUALIOPI-DESTINACTION-115x60.png 115w, https:\/\/www.destinaction.fr\/wp-content\/uploads\/2026\/01\/LOGO-QUALIOPI-DESTINACTION.png 1536w\" sizes=\"auto, (max-width: 1024px) 100vw, 1024px\" \/><\/figure>\n\n\n\n<p><a href=\"https:\/\/www.destinaction.fr\/index.php\/certification-qualiopi-n712511-1\/\" data-type=\"page\" data-id=\"452\">Consulter le certificat Qualiopi <\/a><\/p>\n","protected":false},"excerpt":{"rendered":"<p>Vous vous questionnez actuellement sur votre \u00e9quilibre de vie, et votre quotidien ?Vous vivez une p\u00e9riode de changement, de transition, sur le plan professionnel ou &hellip; <\/p>\n","protected":false},"author":1,"featured_media":0,"parent":0,"menu_order":0,"comment_status":"closed","ping_status":"closed","template":"","meta":{"footnotes":""},"class_list":["post-300","page","type-page","status-publish","hentry","latest_post"],"jetpack_sharing_enabled":true,"_links":{"self":[{"href":"https:\/\/www.destinaction.fr\/index.php\/wp-json\/wp\/v2\/pages\/300","targetHints":{"allow":["GET"]}}],"collection":[{"href":"https:\/\/www.destinaction.fr\/index.php\/wp-json\/wp\/v2\/pages"}],"about":[{"href":"https:\/\/www.destinaction.fr\/index.php\/wp-json\/wp\/v2\/types\/page"}],"author":[{"embeddable":true,"href":"https:\/\/www.destinaction.fr\/index.php\/wp-json\/wp\/v2\/users\/1"}],"replies":[{"embeddable":true,"href":"https:\/\/www.destinaction.fr\/index.php\/wp-json\/wp\/v2\/comments?post=300"}],"version-history":[{"count":6,"href":"https:\/\/www.destinaction.fr\/index.php\/wp-json\/wp\/v2\/pages\/300\/revisions"}],"predecessor-version":[{"id":464,"href":"https:\/\/www.destinaction.fr\/index.php\/wp-json\/wp\/v2\/pages\/300\/revisions\/464"}],"wp:attachment":[{"href":"https:\/\/www.destinaction.fr\/index.php\/wp-json\/wp\/v2\/media?parent=300"}],"curies":[{"name":"wp","href":"https:\/\/api.w.org\/{rel}","templated":true}]}}